
-3
What is the value of 4 + -4 - (1 + -1 - 1)?
1
Calculate -1 + (2 + 2 - (-1 - -4)).
0
Calculate -1 + (-3 - -6) - (7 - 5).
0
Calculate (1 - (-1 + 1 + 0)) + 1.
2
What is the value of 1 - (2 - (-4 - 0) - 1)?
-4
What is the value of -7 - (4 + -11) - (1 + 1)?
-2
2 - (-2 + 2 + 5)
-3
-1 - (5 + (3 - 16 - -5))
2
What is the value of 4 - (0 + -1 + 1 - -4)?
0
Evaluate 11 - 10 - (17 - 9).
-7
Calculate 117 + -126 + (-1 + 7 - 1).
-4
What is 16 + 1 + 1 - 11?
7
Calculate (-240 - -234) + -1 + 4 + -1.
-4
(6 - (-6 + 3)) + -13
-4
Calculate 23 - 28 - (2 - 4 - -2).
-5
What is the value of (18 - 13) + -1 + 2 + -1?
5
What is the value of 2 - 2 - ((-5 - -2) + 2)?
1
What is the value of (-1 + -3 + -5 - 0) + 4?
-5
Evaluate (11 - 6) + 3 + -5.
3
What is 37 + -32 + -1 + -1?
3
Calculate -3 + (2 - 5) + 5.
-1
What is the value of (-8 - -12) + (-1 + 0 - -2)?
5
Calculate -2 + (-15 - -4) - -3.
-10
Evaluate (-1 - 0) + (76 - 81).
-6
What is the value of -5 - ((4 - 4 - 4) + 3)?
-4
Evaluate (-2 - -4) + 8 + -4.
6
Calculate 6 + 0 + (-13 - -8).
1
What is 3 + (15 - 15 - (-2 + 0))?
5
What is -2 + (-7 - (-2 + -2)) + 2?
-3
Evaluate 17 - (6 - -2) - 8.
1
Calculate -1 + 0 + 1 + -2.
-2
Calculate 7 + (9 + -5 - 2) - 3.
6
Evaluate 275 + -266 - (1 - (1 - 3)).
6
Calculate (42 - 51 - (-2 - 3)) + -4.
-8
Calculate -10 + 0 + -4 + (13 - 3).
-4
Calculate -16 - -9 - (-15 + 3).
5
What is 6 - 3 - (5 + -1)?
-1
What is (11 - 9) + (-6 - 1)?
-5
Evaluate 1 - (-3 - -8) - -5.
1
What is 5 - ((7 - 3) + -2)?
3
Evaluate 1 - (1 + -4 + 9).
-5
(-5 - (0 - 3)) + 5
3
What is -1 - (0 + 1 + 1)?
-3
Evaluate 1 - 8 - 5 - -8.
-4
What is the value of 2 - (1 + (-1 - -2))?
0
6 - (-6 - (-13 + 1))
0
Evaluate 3 + 1 + (-5 + 3 - 1).
1
Evaluate 2 + (-7 - -1 - -5).
1
What is (3 + 0 - (-11 + 14)) + 0?
0
1 + -3 + 2 - (14 - 17)
3
Evaluate (-7 - (-7 - -1)) + 0 + 5.
4
Calculate 1 + 13 + (-21 - 3).
-10
What is 7 - 1 - (-31 - -35)?
2
-18 + (5 - -1) + 7
-5
Evaluate (-3 - -5 - 10) + (19 - 13).
-2
Calculate (5 - 10 - 0) + 0.
-5
Calculate (-9 - 3) + 5 - -3.
-4
3 - (-1 + 2 + -1)
3
Evaluate 1 + -6 + 1 - (-1 + 2).
-5
2 - (4 + 3 + -10 + 6)
-1
What is the value of 0 + 2 + 35 + -41 - -2?
-2
Calculate (-11 - -7 - 6) + 7.
-3
What is the value of -1 + -3 + -1 + 6 + 2?
3
Evaluate 11 + (7 - (-4 - -23)).
-1
What is -20 - -5 - (-5 + -6)?
-4
What is 1 + 9 + 4 + -9?
5
Evaluate -1 + (0 - (10 - 2 - 4)).
-5
Evaluate -10 + 2 + 7 + -1.
-2
11 + -12 + 0 + -1
-2
Calculate -4 - (-5 + 6) - 2.
-7
Calculate 4 - (0 + (5 - (5 - 1))).
3
Calculate (-40 - -38) + (0 - -1).
-1
What is 1 - (18 + -8 + -3)?
-6
Evaluate (9 - 7) + (3 - 1).
4
Evaluate (-25 - -30) + -2 + 4.
7
0 + 0 + (2 - 5) + 2
-1
What is the value of 4 + (-5 - 0 - -6)?
5
Calculate (10 + 8 - (-2 + 8)) + -6.
6
What is the value of 2 + -1 + (-12 - (-6 - -1))?
-6
-2 + (2 + 1 - 1) - -5
5
Calculate -6 + (-6 - (0 + -9)) - -9.
6
Calculate (-8 - -16) + -7 - (-2 + 14).
-11
What is the value of 10 - (4 - 1) - (-2 + 4)?
5
Calculate -25 + 30 - (5 + (1 - 3)).
2
What is -1 + (-7 - -12) - 7?
-3
Evaluate -10 - (-1 - 4) - (-4 - 2).
1
What is the value of 0 - (12 - (11 - 5))?
-6
What is the value of 2 + (-3 - (-1 - 0))?
0
Evaluate -1 + 9 + (-31 - -23).
0
What is the value of (-21 - -24) + (-1 - 2) + -2?
-2
Evaluate 6 + -7 + 4 - -13 - 7.
9
What is -44 + 31 + 4 + 0?
-9
Evaluate (1 - (0 + 3 + 2)) + 6.
2
What is the value of -17 + 12 - (-2 + 2)?
-5
Evaluate 48 + -50 - (0 + 2 + -1).
-3
What is the value of 0 + 0 + -2 + (-8 - -1)?
-9
What is 8 + (-6 - 2) + 1?
1
What is 4 - (2 - (2 + (4 - 3)))?
5
What is the value of -14 - -7 - 2 - -8?
-1
What is -93 + 80 + (9 - 1)?
-5
What is the value of 5 - ((1 - -7) + -4)?
1
What is -1 - -3 - (-1 + 7)?
-4
-6 + 1 + 3 + 6 + 0
4
Calculate (1 - 2) + -3 - 1.
-5
2 + 1 + 0 - 0
3
-9 + (4 - 0) + 1 + 4
0
What is (1 - 8) + -98 + 101?
-4
16 - (9 - 1) - (0 - 3)
11
What is the value of (15 - 16) + (-5 - -1)?
-5
What is the value of 0 - (1 + 4 + -2 + -7)?
4
Calculate (-1 - -4) + -8 + -1.
-6
What is -9 + 9 - (-18 + 29)?
-11
Calculate -12 + 13 - (0 + 1 - -4).
-4
1 - 2 - (-3 + (-2 - -11))
-7
What is the value of -6 + 8 + (5 - 9)?
-2
What is -9 + (3 - ((-5 - -4) + -6))?
1
Evaluate -2 - 1 - (4 + -1).
-6
5 - 0 - (35 - 31)
1
Calculate 0 + 3 - 12 - (-3 - 4).
-2
(0 - 4) + (-2 - (4 - 13))
3
Calculate -8 + 5 + 2 + -5 - -3.
-3
Evaluate -5 + 2 + (-23 - -30).
4
(27 - 5) + -14 + -1
7
What is the value of (3 - ((-2 - -3) + 3)) + -6?
-7
Calculate 2 - (0 - (2 - 3)).
1
Evaluate 10 - ((11 - 6) + -1).
6
(-2 - -2) + (-2 + 3 - 2)
-1
Calculate (-6 - (-9 + 7)) + 8 + -1.
3
0 + (-1 - 2 - (-12 + 8))
1
What is 1 + -3 + -3 + 8?
3
Calculate (7 - (4 - 2)) + 3 + -4.
4
-14 + 2 + (15 - 13) + 4
-6
What is 4 + -3 + -3 + (-2 - 4)?
-8
What is -3 - (0 - 10) - (0 - -7)?
0
What is the value of 1 + 5 + (6 - (-15 - -24))?
3
Calculate -5 + 11 + -18 + 8.
-4
What is the value of -6 + -2 + 14 - 7?
-1
Evaluate -24 + 22 + 2 + 0 + 1.
1
Calculate (9 + (-7 - -5) - 0) + -2.
5
What is -3 - -2 - (-29 - -24)?
4
Evaluate 0 + (-14 - -8) - -6.
0
Calculate -30 - -16 - (-11 + -3).
0
Evaluate 4 + -3 - (-3 - (3 - 3)).
4
Evaluate 7 + -10 + -7 - -12.
2
What is -7 + (1 - -19 - (-5 - -7))?
11
What is -1 + 10 - (18 + -13)?
4
Evaluate 9 + -25 + 10 - -14.
8
Evaluate 4 + 2 + -11 - -11.
6
What is -8 - (-4 - -3 - 10)?
3
(1 - 12) + -3 + 11 + -3
-6
What is the value of (3 + 3 - 1) + (-1 - 5)?
-1
What is the value of (-12 - -1) + 62 + -59?
-8
Calculate 8 + 2 + -6 + -4.
0
What is the value of -14 + 6 - (-4 + -1)?
-3
Evaluate 8 - 8 - (2 - -5).
-7
Calculate (0 - -4) + (-36 - -32) - 7.
-7
Calculate 1 - (0 + (-7 - (-1 + -3))).
4
What is the value of (-3 - (-4 - 3)) + -4?
0
What is the value of 5 - (0 - -6 - (-9 + 11))?
1
Evaluate 9 + (-2 - -3) - 7.
3
What is -2 - (-4 + 10 + -4) - -1?
-3
What is -6 + -6 + 21 + -6 + -10?
-7
Evaluate 6 - (8 - (8 + -2 + -4)).
0
Calculate 4 + -1 + -19 + 11.
-5
What is the value of (2 - -2) + -1 + (-4 - -2)?
1
What is -2 + -2 + 9 + -5?
0
What is 5 + -6 + (-1 + 2 - 0)?
0
Evaluate (7 - 14) + (16 - 9).
0
Calculate 2 + (-4 - -8 - 9).
-3
-2 + -1 + -2 + 5
0
(-4 - -1 - 1) + 4 - 3
-3
What is the value of 7 - (13 + -6 + 4)?
-4
Evaluate (-5 - 0) + (-5 - -6).
-4
What is the value of -3 - (-7 + 9 + -8)?
3
(5 - (-6 - -7)) + -3
1
Calculate 2 + 0 - (5 + -10 + 3).
4
0 + (-2 - 0 - -5)
3
Evaluate (6 - (-9 + 20)) + 1 + -1.
-5
Evaluate -4 - (-1 + 0 + 1).
-4
Evaluate 5 + (-16 - -8) - (1 + -2).
-2
Calculate (-10 - 0 - -14) + -6.
-2
4 + 1 + (-1 - -2)
6
Calculate (-2 - 0) + 4 - 1.
1
5 - (4 - (-1 - 4))
-4
Evaluate -4 + 5 - ((-14 - -4) + 5).
6
Evaluate 5 + -8 - (2 - -2 - 3).
-4
Calculate 3 + -3 + (4 - 2).
2
What is the value of -1 + (9 - 1) - 0?
7
Evaluate 5 + 0 - (-4 + 7 - 1).
3
Calculate (-45 - -38) + 1 + -7 + 5.
-8
What is (-4 - 1) + 13 + -4?
4
-12 + (-3 - -11) - -2
-2
What is the value of 3 - 4 - ((1 - -2) + 1)?
-5
What is the value of 4 + -6 + -2 + 2 + 7?
5
Evaluate -15 + 0 - (33 - 39).
-9
(0 - 4) + -8 + 5
-7
Calculate -1 + (7 - 6) + 11 + -4.
7
3 - (2 + 1 - (-4 + 3))
-1
-8 + 0 + 6 - 3
-5
Calculate (-1 - 0) + (-6 - (-24 + 13)).
4
What is (-3 + -3 + 2 - 2) + 1?
-5
(7 - 2) + (2 - 3)
4
-7 + (-9 - -26) + -16
-6
What is (4 - 0) + (2 - (-20 + 30))?
-4
-6 + -1 + (2 - 4) + 4
-5
Calculate (0 - 2) + 4 + -6.
-4
Calculate -2 + -2 - ((6 - 4) + -2).
-4
What is 8 + (9 - (1 + 7))?
9
What is (-1 - 0) + 2 + 1 + -2?
0
What is the value of 0 + 0 + -4 + -6 + 9?
-1
2 + -2 + 1 + -5 - -4
0
What is the value of -6 + 5 + 13 - 8?
4
2 + (-4 - (0 - -1))
-3
What is the value of -25 - -22 - (1 + 1)?
-5
What is 2 + (12 + -7 - (3 - -2))?
2
4 + -9 + -2 + 6
-1
-4 - -1 - ((-1 - 11) + 14)
-5
What is 8 - 12 - -3 - 0?
-1
Evaluate (-1 - (3 - 0)) + 0.
-4
Evaluate (-18 + 18 - (-1 - -1)) + 0.
0
What is the value of (3 - 3) + 6 + -4?
2
-1 - (-6 - -6) - -4 - -2
5
What is 2 + -3 + 5 + -9?
-5
3 + 9 + 5 + -22
-5
(-21 + 28 - (2 + 12)) + 3
-4
Evaluate 18 - (-15 + 32) - (1 + 1).
-1
0 + 3 - (2 + (0 - 2))
3
Evaluate -7 - -2 - (-15 - -10).
0
What is the value of (-14 - -6 - -29) + -13?
8
Evaluate -7 - (0 + (-4 - -2)).
-5
-2 + -5 + -1 - -3
-5
What is the value of (11 - 1) + -12 + (0 - 2)?
-4
Calculate (1 - -5) + -5 + 3 + -1.
3
What is 5 + -5 + 11 + -2?
9
(-1 - -5) + (-4 + 7 - 6)
1
What is -11 + 20 + -10 - (-3 + -1)?
3
What is -1 - 0 - (-38 - -42)?
-5
What is the value of (3 - -7) + -22 - -6?
-6
Evaluate -8 - (-7 + 0 + -8).
7
Evaluate (8 - (-4 + 8